{"id":4515,"date":"2025-06-12T14:16:19","date_gmt":"2025-06-12T17:16:19","guid":{"rendered":"https:\/\/www.uninter.com\/mestrado\/?page_id=4515"},"modified":"2025-06-12T14:18:24","modified_gmt":"2025-06-12T17:18:24","slug":"capes","status":"publish","type":"page","link":"https:\/\/uninter.com\/mestrado\/capes\/","title":{"rendered":"Doutorado &#8211; CAPES"},"content":{"rendered":"<h1 class=\"x_MsoNormal\"><span data-olk-copy-source=\"MessageBody\">Bolsas CAPES<\/span><\/h1>\n<p class=\"x_MsoNormal\">O Programa tem duas pesquisadoras em doutorado sandu\u00edche no momento, ambas com bolsa da CAPES:<\/p>\n<p class=\"x_MsoNormal\">A\u00a0<b>doutoranda Izabel Cristina Barbosa de Oliveira<\/b>\u00a0(turma 2021), orientada pela professora Glaucia da Silva Brito,\u00a0est\u00e1 desenvolvendo pesquisa intitulada &#8220;A utiliza\u00e7\u00e3o de objetos digitais de aprendizagem na pr\u00e1tica do docente do ensino profissional e tecnol\u00f3gico p\u00f3s-mar\u00e7o de 2020\u201d, em conjunto com a Comunidade de Investiga\u00e7\u00e3o Ensino e Inova\u00e7\u00e3o Pedag\u00f3gica (EIP), do Centro de Investiga\u00e7\u00e3o e Interven\u00e7\u00e3o Educativas (CIIE) da Universidade do Porto, em Portugal, sob coorienta\u00e7\u00e3o do Doutor Rui Trindade.<\/p>\n<p class=\"x_MsoNormal\">A\u00a0<b>doutoranda Rachel R. Muller (turma 2023)<\/b>, orientada pelo professor Andr\u00e9 Luiz Moscaleski Cavazzani,\u00a0est\u00e1 desenvolvendo a pesquisa intitulada \u201cDid\u00e1ticas espec\u00edficas para\/do docente na universidade: continua\u00e7\u00e3o do desenvolvimento da forma\u00e7\u00e3o de professores das diferentes \u00e1reas do conhecimento \u2013 do cl\u00e1ssico \u00e0s inova\u00e7\u00f5es tecnol\u00f3gicas e pedag\u00f3gicas\u201d, junto ao projeto \u201cLehrkr\u00e4ftebildung &#8211;\u00a0<span lang=\"EN-US\"><a title=\"http:\/\/www.berliner-antike-kolleg.org\/transfer\/friedrich-gedike-seminar\/index.html\" href=\"http:\/\/www.berliner-antike-kolleg.org\/transfer\/friedrich-gedike-seminar\/index.html\" data-auth=\"NotApplicable\"><span lang=\"PT-BR\">Friedrich-Gedike-Seminar \u2013 Akademie f\u00fcr Lehrkr\u00e4ftefortbildung<\/span><\/a><span lang=\"PT-BR\">\u201d (Forma\u00e7\u00e3o de professores \u2013 Semin\u00e1rio Friedrich Gedike \u2013 Academia para forma\u00e7\u00e3o de professores) na Humboldt-Universit\u00e4t Zu Berlin, Institut f\u00fcr Klassische Philologie, sob coorienta\u00e7\u00e3o do doutor Stefan Kipf.\u00a0<\/span><\/span><\/p>\n","protected":false},"excerpt":{"rendered":"<p>Bolsas CAPES O Programa tem duas pesquisadoras em doutorado sandu\u00edche no momento, ambas com bolsa da CAPES: A\u00a0doutoranda Izabel Cristina Barbosa de Oliveira\u00a0(turma 2021), orientada pela professora Glaucia da Silva Brito,\u00a0est\u00e1 desenvolvendo pesquisa intitulada &#8220;A utiliza\u00e7\u00e3o de objetos digitais de aprendizagem na pr\u00e1tica do docente do ensino profissional e tecnol\u00f3gico p\u00f3s-mar\u00e7o de 2020\u201d, em conjunto [&hellip;]<\/p>\n","protected":false},"author":1,"featured_media":0,"parent":0,"menu_order":0,"comment_status":"closed","ping_status":"closed","template":"page-curso-doutorado-educacao.php","meta":{"footnotes":""},"class_list":["post-4515","page","type-page","status-publish","hentry","post"],"_links":{"self":[{"href":"https:\/\/uninter.com\/mestrado\/wp-json\/wp\/v2\/pages\/4515","targetHints":{"allow":["GET"]}}],"collection":[{"href":"https:\/\/uninter.com\/mestrado\/wp-json\/wp\/v2\/pages"}],"about":[{"href":"https:\/\/uninter.com\/mestrado\/wp-json\/wp\/v2\/types\/page"}],"author":[{"embeddable":true,"href":"https:\/\/uninter.com\/mestrado\/wp-json\/wp\/v2\/users\/1"}],"replies":[{"embeddable":true,"href":"https:\/\/uninter.com\/mestrado\/wp-json\/wp\/v2\/comments?post=4515"}],"version-history":[{"count":2,"href":"https:\/\/uninter.com\/mestrado\/wp-json\/wp\/v2\/pages\/4515\/revisions"}],"predecessor-version":[{"id":4522,"href":"https:\/\/uninter.com\/mestrado\/wp-json\/wp\/v2\/pages\/4515\/revisions\/4522"}],"wp:attachment":[{"href":"https:\/\/uninter.com\/mestrado\/wp-json\/wp\/v2\/media?parent=4515"}],"curies":[{"name":"wp","href":"https:\/\/api.w.org\/{rel}","templated":true}]}}