{"id":435,"date":"2018-02-26T08:43:11","date_gmt":"2018-02-26T11:43:11","guid":{"rendered":"https:\/\/www.uninter.com\/mestrado\/?page_id=435"},"modified":"2023-11-09T18:46:25","modified_gmt":"2023-11-09T21:46:25","slug":"mestrado-profissional-em-educacao-e-novas-tecnologias-plano-de-integralizacao-de-creditos","status":"publish","type":"page","link":"https:\/\/uninter.com\/mestrado\/mestrado-profissional-em-educacao-e-novas-tecnologias-plano-de-integralizacao-de-creditos\/","title":{"rendered":"Educa\u00e7\u00e3o &#8211; Plano de integraliza\u00e7\u00e3o de cr\u00e9ditos"},"content":{"rendered":"<p style=\"text-align: center;\">PLANO DE INTEGRALIZA\u00c7\u00c3O DE CR\u00c9DITOS<\/p>\n<p><img loading=\"lazy\" decoding=\"async\" class=\"alignnone size-full wp-image-3381 aligncenter\" src=\"https:\/\/www.uninter.com\/mestrado\/wp-content\/uploads\/2023\/11\/plano_integralizacao_creditos_mestrado.jpg\" alt=\"\" width=\"658\" height=\"537\" srcset=\"https:\/\/uninter.com\/mestrado\/wp-content\/uploads\/2023\/11\/plano_integralizacao_creditos_mestrado.jpg 658w, https:\/\/uninter.com\/mestrado\/wp-content\/uploads\/2023\/11\/plano_integralizacao_creditos_mestrado-300x245.jpg 300w\" sizes=\"auto, (max-width: 658px) 100vw, 658px\" \/><\/p>\n<p>&nbsp;<\/p>\n<p>&nbsp;<\/p>\n","protected":false},"excerpt":{"rendered":"<p>PLANO DE INTEGRALIZA\u00c7\u00c3O DE CR\u00c9DITOS &nbsp; &nbsp;<\/p>\n","protected":false},"author":3,"featured_media":0,"parent":0,"menu_order":0,"comment_status":"closed","ping_status":"closed","template":"page-curso-mestrado-educacao.php","meta":{"footnotes":""},"class_list":["post-435","page","type-page","status-publish","hentry","post"],"_links":{"self":[{"href":"https:\/\/uninter.com\/mestrado\/wp-json\/wp\/v2\/pages\/435","targetHints":{"allow":["GET"]}}],"collection":[{"href":"https:\/\/uninter.com\/mestrado\/wp-json\/wp\/v2\/pages"}],"about":[{"href":"https:\/\/uninter.com\/mestrado\/wp-json\/wp\/v2\/types\/page"}],"author":[{"embeddable":true,"href":"https:\/\/uninter.com\/mestrado\/wp-json\/wp\/v2\/users\/3"}],"replies":[{"embeddable":true,"href":"https:\/\/uninter.com\/mestrado\/wp-json\/wp\/v2\/comments?post=435"}],"version-history":[{"count":8,"href":"https:\/\/uninter.com\/mestrado\/wp-json\/wp\/v2\/pages\/435\/revisions"}],"predecessor-version":[{"id":3382,"href":"https:\/\/uninter.com\/mestrado\/wp-json\/wp\/v2\/pages\/435\/revisions\/3382"}],"wp:attachment":[{"href":"https:\/\/uninter.com\/mestrado\/wp-json\/wp\/v2\/media?parent=435"}],"curies":[{"name":"wp","href":"https:\/\/api.w.org\/{rel}","templated":true}]}}