{"id":41,"date":"2018-01-17T15:34:49","date_gmt":"2018-01-17T17:34:49","guid":{"rendered":"https:\/\/www.uninter.com\/mestrado\/?page_id=41"},"modified":"2024-03-26T08:24:01","modified_gmt":"2024-03-26T11:24:01","slug":"home-page","status":"publish","type":"page","link":"https:\/\/uninter.com\/mestrado\/","title":{"rendered":"In\u00edcio"},"content":{"rendered":"<div id=\"pl-41\" class=\"panel-layout\">\n<div id=\"pg-41-0\" class=\"panel-grid panel-no-style\" data-style=\"{&quot;cell_alignment&quot;:&quot;flex-start&quot;}\" data-ratio=\"1\" data-ratio-direction=\"right\">\n<div id=\"pgc-41-0-0\" class=\"panel-grid-cell\" data-weight=\"1\">\n<div id=\"panel-41-0-0-0\" class=\"so-panel widget widget_text panel-first-child panel-last-child\" data-index=\"0\" data-style=\"{&quot;background_image_attachment&quot;:false,&quot;background_display&quot;:&quot;tile&quot;}\">\n<h1>Mestrado e Doutorado<\/h1>\n<div class=\"textwidget\">\n<ul>\n<li style=\"list-style-type: none;\">\n<ul>\n<li><a href=\"\/mestrado\/mestrado-profissional-em-educacao-e-novas-tecnologias-apresentacao\/\">PPGENT &#8211; Mestrado Profissional em Educa\u00e7\u00e3o e Novas Tecnologias<\/a><\/li>\n<li><a href=\"\/mestrado\/disciplinas-isoladas\/\" rel=\"noopener\">PPGENT \u2013 Disciplinas Isoladas \u2013 Mestrado Profissional em Educa\u00e7\u00e3o e Novas Tecnologias PSC<\/a><\/li>\n<li><a href=\"\/mestrado\/doutorado-profissional-em-educacao-e-novas-tecnologias\">PPGENT &#8211; Doutorado Profissional em Educa\u00e7\u00e3o e Novas Tecnologias<\/a><\/li>\n<li><a href=\"\/mestrado\/detalhes-curso-doutorado-disciplinas-isoladas\/\" rel=\"noopener\">PPGENT \u2013 Disciplinas Isoladas \u2013 Doutorado Profissional em Educa\u00e7\u00e3o e Novas Tecnologias PSC<\/a><\/li>\n<li><a href=\"\/mestrado\/estagio-pos-doutoral-do-programa-de-pos-graduacao-em-educacao-e-novas-tecnologias\">PPGENT \u2013 Est\u00e1gio P\u00f3s-Doutoral do Programa de P\u00f3s-Gradua\u00e7\u00e3o em Educa\u00e7\u00e3o e Novas Tecnologias <\/a><\/li>\n<\/ul>\n<\/li>\n<\/ul>\n<ul>\n<li style=\"list-style-type: none;\">\n<ul>\n<li style=\"list-style-type: none;\"><\/li>\n<li><a href=\"\/mestrado\/mestrado-em-direito\/\" rel=\"noopener\">PPGD &#8211; Mestrado Acad\u00eamico em Direito<\/a><\/li>\n<li><a href=\"https:\/\/www.uninter.com\/mestrado\/disciplinas-isoladas-mestrado-academico-em-direito\/\">PPGD &#8211; Disciplinas Isoladas &#8211; Mestrado Acad\u00eamico em Direito<\/a><\/li>\n<\/ul>\n<\/li>\n<\/ul>\n<p><!--li><a href=\"\/mestrado\/disciplinas-isoladas-mestrado-academico-em-direito\/\">Disciplinas Isoladas - Mestrado Acad\u00eamico em Direito<\/a><\/li-->\n<\/div>\n<\/div>\n<\/div>\n<\/div>\n<\/div>\n","protected":false},"excerpt":{"rendered":"<p>Mestrado e Doutorado PPGENT &#8211; Mestrado Profissional em Educa\u00e7\u00e3o e Novas Tecnologias PPGENT \u2013 Disciplinas Isoladas \u2013 Mestrado Profissional em Educa\u00e7\u00e3o e Novas Tecnologias PSC PPGENT &#8211; Doutorado Profissional em Educa\u00e7\u00e3o e Novas Tecnologias PPGENT \u2013 Disciplinas Isoladas \u2013 Doutorado Profissional em Educa\u00e7\u00e3o e Novas Tecnologias PSC PPGENT \u2013 Est\u00e1gio P\u00f3s-Doutoral do Programa de P\u00f3s-Gradua\u00e7\u00e3o [&hellip;]<\/p>\n","protected":false},"author":1,"featured_media":0,"parent":0,"menu_order":0,"comment_status":"closed","ping_status":"closed","template":"home-panels.php","meta":{"footnotes":""},"class_list":["post-41","page","type-page","status-publish","hentry","post"],"_links":{"self":[{"href":"https:\/\/uninter.com\/mestrado\/wp-json\/wp\/v2\/pages\/41","targetHints":{"allow":["GET"]}}],"collection":[{"href":"https:\/\/uninter.com\/mestrado\/wp-json\/wp\/v2\/pages"}],"about":[{"href":"https:\/\/uninter.com\/mestrado\/wp-json\/wp\/v2\/types\/page"}],"author":[{"embeddable":true,"href":"https:\/\/uninter.com\/mestrado\/wp-json\/wp\/v2\/users\/1"}],"replies":[{"embeddable":true,"href":"https:\/\/uninter.com\/mestrado\/wp-json\/wp\/v2\/comments?post=41"}],"version-history":[{"count":81,"href":"https:\/\/uninter.com\/mestrado\/wp-json\/wp\/v2\/pages\/41\/revisions"}],"predecessor-version":[{"id":3509,"href":"https:\/\/uninter.com\/mestrado\/wp-json\/wp\/v2\/pages\/41\/revisions\/3509"}],"wp:attachment":[{"href":"https:\/\/uninter.com\/mestrado\/wp-json\/wp\/v2\/media?parent=41"}],"curies":[{"name":"wp","href":"https:\/\/api.w.org\/{rel}","templated":true}]}}