{"id":404,"date":"2018-02-23T14:12:26","date_gmt":"2018-02-23T17:12:26","guid":{"rendered":"https:\/\/www.uninter.com\/mestrado\/?page_id=404"},"modified":"2025-06-06T09:38:17","modified_gmt":"2025-06-06T12:38:17","slug":"mestrado-profissional-em-educacao-e-novas-tecnologias-regulamentos","status":"publish","type":"page","link":"https:\/\/uninter.com\/mestrado\/mestrado-profissional-em-educacao-e-novas-tecnologias-regulamentos\/","title":{"rendered":"Educa\u00e7\u00e3o &#8211; Regulamentos"},"content":{"rendered":"<h1>Regulamentos<\/h1>\n<p><a href=\"https:\/\/www.uninter.com\/mestrado\/wp-content\/uploads\/2025\/06\/RESOLUCAO-83_REGULAMENTO-DA-POS-GRADUACAO-STRICTO-SENSU_EDUCACAO_REV-12032025_V4.pdf\">RESOLU\u00c7\u00c3O N\u00b0 83\/2025 \u2013 CEPE<\/a><br \/>\n[Regulamento Interno do Programa de P\u00f3s-Gradua\u00e7\u00e3o\u00a0<i>Stricto Sensu\u00a0<\/i>em Direito \u2013 PPGD, atualizada aos 12\/03\/2025)<\/p>\n<p><a href=\"https:\/\/www.uninter.com\/mestrado\/wp-content\/uploads\/2025\/06\/RESOLUCAO-100_REGULAMENTO-DA-POS-GRADUACAO-STRICTO-SENSU-DO-UNINTER_REV-12032025_V4.pdf\">RESOLU\u00c7\u00c3O N\u00ba100\/2015 \u2013 CEPE<\/a><br \/>\n(Regulamento Geral da P\u00f3s-Gradua\u00e7\u00e3o\u00a0<i>Stricto Sensu \u2013\u00a0<\/i>atualizada aos 12\/03\/2025)<\/p>\n<p><a title=\"https:\/\/uninter.com\/mestrado\/wp-content\/uploads\/2025\/05\/3.RESOLUCAO-2553-POLITICA-DE-USO-ETICO-DE-IA-PELOS-ALUNOS.pdf\" href=\"https:\/\/uninter.com\/mestrado\/wp-content\/uploads\/2025\/05\/3.RESOLUCAO-2553-POLITICA-DE-USO-ETICO-DE-IA-PELOS-ALUNOS.pdf\" data-auth=\"NotApplicable\" data-linkindex=\"2\">RESOLU\u00c7\u00c3O N\u00ba 2553\/2024 \u2013 CEPE<\/a><br \/>\n(Regulamenta o uso de ferramentas de Intelig\u00eancia Artificial -IA por alunos, para a realiza\u00e7\u00e3o das atividades acad\u00eamicas)<\/p>\n<p><a href=\"https:\/\/www.uninter.com\/mestrado\/wp-content\/uploads\/2025\/06\/Manual-do-Mestrando_ATIVIDADES-PROGRAMADAS_Final_2025.pdf\">MANUAL DO MESTRANDO<\/a><\/p>\n<p>&nbsp;<\/p>\n","protected":false},"excerpt":{"rendered":"<p>Regulamentos RESOLU\u00c7\u00c3O N\u00b0 83\/2025 \u2013 CEPE [Regulamento Interno do Programa de P\u00f3s-Gradua\u00e7\u00e3o\u00a0Stricto Sensu\u00a0em Direito \u2013 PPGD, atualizada aos 12\/03\/2025) RESOLU\u00c7\u00c3O N\u00ba100\/2015 \u2013 CEPE (Regulamento Geral da P\u00f3s-Gradua\u00e7\u00e3o\u00a0Stricto Sensu \u2013\u00a0atualizada aos 12\/03\/2025) RESOLU\u00c7\u00c3O N\u00ba 2553\/2024 \u2013 CEPE (Regulamenta o uso de ferramentas de Intelig\u00eancia Artificial -IA por alunos, para a realiza\u00e7\u00e3o das atividades acad\u00eamicas) MANUAL DO [&hellip;]<\/p>\n","protected":false},"author":3,"featured_media":0,"parent":0,"menu_order":0,"comment_status":"closed","ping_status":"closed","template":"page-curso-mestrado-educacao.php","meta":{"footnotes":""},"class_list":["post-404","page","type-page","status-publish","hentry","post"],"_links":{"self":[{"href":"https:\/\/uninter.com\/mestrado\/wp-json\/wp\/v2\/pages\/404","targetHints":{"allow":["GET"]}}],"collection":[{"href":"https:\/\/uninter.com\/mestrado\/wp-json\/wp\/v2\/pages"}],"about":[{"href":"https:\/\/uninter.com\/mestrado\/wp-json\/wp\/v2\/types\/page"}],"author":[{"embeddable":true,"href":"https:\/\/uninter.com\/mestrado\/wp-json\/wp\/v2\/users\/3"}],"replies":[{"embeddable":true,"href":"https:\/\/uninter.com\/mestrado\/wp-json\/wp\/v2\/comments?post=404"}],"version-history":[{"count":17,"href":"https:\/\/uninter.com\/mestrado\/wp-json\/wp\/v2\/pages\/404\/revisions"}],"predecessor-version":[{"id":4490,"href":"https:\/\/uninter.com\/mestrado\/wp-json\/wp\/v2\/pages\/404\/revisions\/4490"}],"wp:attachment":[{"href":"https:\/\/uninter.com\/mestrado\/wp-json\/wp\/v2\/media?parent=404"}],"curies":[{"name":"wp","href":"https:\/\/api.w.org\/{rel}","templated":true}]}}