{"id":386,"date":"2018-02-22T08:57:06","date_gmt":"2018-02-22T11:57:06","guid":{"rendered":"https:\/\/www.uninter.com\/mestrado\/?page_id=386"},"modified":"2026-03-20T18:51:27","modified_gmt":"2026-03-20T21:51:27","slug":"mestrado-academico-em-direito-processo-seletivo-editais","status":"publish","type":"page","link":"https:\/\/uninter.com\/mestrado\/mestrado-academico-em-direito-processo-seletivo-editais\/","title":{"rendered":"EDITAIS &#8211; MESTRADO EM DIREITO"},"content":{"rendered":"<h4><strong>E-mail para o Processo Seletivo:<\/strong><\/h4>\r\n<p>ps.ppgd@uninter.com<\/p>\r\n<h3>Editais<\/h3>\r\n<p><a href=\"https:\/\/www.uninter.com\/mestrado\/wp-content\/uploads\/2026\/02\/ADITIVO-I-EDITAL-POS-GRADUACAO-STRICTO-SENSU-MESTRADO-ACADEMICO-EM-DIREITO-MARCO-2026_PRORROGACAO.pdf\">ADITIVO I &#8211; EDITAL P\u00d3S-GRADUA\u00c7\u00c3O STRICTO SENSU MESTRADO ACAD\u00caMICO EM DIREITO MAR\u00c7O 2026_PRORROGA\u00c7\u00c3O<\/a><\/p>\r\n<p><a href=\"https:\/\/www.uninter.com\/mestrado\/wp-content\/uploads\/2026\/03\/EDITAL-POS-GRADUACAO-STRICTO-SENSU-MESTRADO-ACADEMICO-EM-DIREITO-MARCO-2026_CONVOCACAO-PARA-ENTREVISTAS.pdf\">EDITAL P\u00d3S-GRADUA\u00c7\u00c3O STRICTO SENSU MESTRADO ACAD\u00caMICO EM DIREITO MAR\u00c7O 2026_CONVOCA\u00c7\u00c3O PARA ENTREVISTAS<\/a><\/p>\r\n<p><a href=\"https:\/\/www.uninter.com\/mestrado\/wp-content\/uploads\/2026\/03\/EDITAL-POS-GRADUACAO-STRICTO-SENSU-MESTRADO-ACADEMICO-EM-DIREITO-MARCO-2026_RESULTADO-FINAL.pdf\">EDITAL P\u00d3S-GRADUA\u00c7\u00c3O STRICTO SENSU MESTRADO ACAD\u00caMICO EM DIREITO MAR\u00c7O 2026_RESULTADO FINAL<\/a><\/p>\r\n\r\n<div class=\"wp-block-file\">\u00a0<\/div>\r\n\r\n\r\n\r\n<div class=\"wp-block-file\">\u00a0<\/div>\r\n\r\n\r\n\r\n<p>&nbsp;<\/p>\r\n","protected":false},"excerpt":{"rendered":"<p>E-mail para o Processo Seletivo: ps.ppgd@uninter.com Editais ADITIVO I &#8211; EDITAL P\u00d3S-GRADUA\u00c7\u00c3O STRICTO SENSU MESTRADO ACAD\u00caMICO EM DIREITO MAR\u00c7O 2026_PRORROGA\u00c7\u00c3O EDITAL P\u00d3S-GRADUA\u00c7\u00c3O STRICTO SENSU MESTRADO ACAD\u00caMICO EM DIREITO MAR\u00c7O 2026_CONVOCA\u00c7\u00c3O PARA ENTREVISTAS EDITAL P\u00d3S-GRADUA\u00c7\u00c3O STRICTO SENSU MESTRADO ACAD\u00caMICO EM DIREITO MAR\u00c7O 2026_RESULTADO FINAL &nbsp;<\/p>\n","protected":false},"author":3,"featured_media":0,"parent":0,"menu_order":0,"comment_status":"closed","ping_status":"closed","template":"templates\/page-curso-mestrado-direito.php","meta":{"footnotes":""},"class_list":["post-386","page","type-page","status-publish","hentry","post"],"_links":{"self":[{"href":"https:\/\/uninter.com\/mestrado\/wp-json\/wp\/v2\/pages\/386","targetHints":{"allow":["GET"]}}],"collection":[{"href":"https:\/\/uninter.com\/mestrado\/wp-json\/wp\/v2\/pages"}],"about":[{"href":"https:\/\/uninter.com\/mestrado\/wp-json\/wp\/v2\/types\/page"}],"author":[{"embeddable":true,"href":"https:\/\/uninter.com\/mestrado\/wp-json\/wp\/v2\/users\/3"}],"replies":[{"embeddable":true,"href":"https:\/\/uninter.com\/mestrado\/wp-json\/wp\/v2\/comments?post=386"}],"version-history":[{"count":36,"href":"https:\/\/uninter.com\/mestrado\/wp-json\/wp\/v2\/pages\/386\/revisions"}],"predecessor-version":[{"id":4902,"href":"https:\/\/uninter.com\/mestrado\/wp-json\/wp\/v2\/pages\/386\/revisions\/4902"}],"wp:attachment":[{"href":"https:\/\/uninter.com\/mestrado\/wp-json\/wp\/v2\/media?parent=386"}],"curies":[{"name":"wp","href":"https:\/\/api.w.org\/{rel}","templated":true}]}}