{"id":3157,"date":"2023-08-21T11:09:04","date_gmt":"2023-08-21T14:09:04","guid":{"rendered":"https:\/\/www.uninter.com\/mestrado\/?page_id=3157"},"modified":"2025-03-28T09:57:23","modified_gmt":"2025-03-28T12:57:23","slug":"mestrado-academico-em-direito-noticias","status":"publish","type":"page","link":"https:\/\/uninter.com\/mestrado\/mestrado-academico-em-direito-noticias\/","title":{"rendered":"Mestrado Acad\u00eamico em Direito &#8211; Not\u00edcias"},"content":{"rendered":"<h1>NOT\u00cdCIAS<\/h1>\n","protected":false},"excerpt":{"rendered":"<p>NOT\u00cdCIAS<\/p>\n","protected":false},"author":1,"featured_media":0,"parent":0,"menu_order":0,"comment_status":"closed","ping_status":"closed","template":"page-curso-mestrado-direito.php","meta":{"footnotes":""},"class_list":["post-3157","page","type-page","status-publish","hentry","post"],"_links":{"self":[{"href":"https:\/\/uninter.com\/mestrado\/wp-json\/wp\/v2\/pages\/3157","targetHints":{"allow":["GET"]}}],"collection":[{"href":"https:\/\/uninter.com\/mestrado\/wp-json\/wp\/v2\/pages"}],"about":[{"href":"https:\/\/uninter.com\/mestrado\/wp-json\/wp\/v2\/types\/page"}],"author":[{"embeddable":true,"href":"https:\/\/uninter.com\/mestrado\/wp-json\/wp\/v2\/users\/1"}],"replies":[{"embeddable":true,"href":"https:\/\/uninter.com\/mestrado\/wp-json\/wp\/v2\/comments?post=3157"}],"version-history":[{"count":3,"href":"https:\/\/uninter.com\/mestrado\/wp-json\/wp\/v2\/pages\/3157\/revisions"}],"predecessor-version":[{"id":4116,"href":"https:\/\/uninter.com\/mestrado\/wp-json\/wp\/v2\/pages\/3157\/revisions\/4116"}],"wp:attachment":[{"href":"https:\/\/uninter.com\/mestrado\/wp-json\/wp\/v2\/media?parent=3157"}],"curies":[{"name":"wp","href":"https:\/\/api.w.org\/{rel}","templated":true}]}}