{"id":2659,"date":"2022-05-20T11:13:59","date_gmt":"2022-05-20T14:13:59","guid":{"rendered":"https:\/\/www.uninter.com\/mestrado\/?page_id=2659"},"modified":"2023-04-05T09:59:40","modified_gmt":"2023-04-05T12:59:40","slug":"regulamento_pos_doc","status":"publish","type":"page","link":"https:\/\/uninter.com\/mestrado\/regulamento_pos_doc\/","title":{"rendered":"Est\u00e1gio P\u00f3s Doutoral &#8211; Regulamento P\u00f3s-Doutorado"},"content":{"rendered":"<h1>Est\u00e1gio P\u00f3s-Doutoral do Programa de P\u00f3s-Gradua\u00e7\u00e3o em Educa\u00e7\u00e3o e Novas Tecnologias<\/h1>\n<p><a href=\"https:\/\/www.uninter.com\/mestrado\/wp-content\/uploads\/2023\/03\/RESOLU\u00c7\u00c3O-1499-REGULAMENTO-EST\u00c1GIO-P\u00d3S-DOUTORAL-DOUTORADO-EM-EDUCA\u00c7\u00c3O-E-NOVAS-TECNOLOGIAS.pdf\">Regulamento do Est\u00e1gio p\u00f3s-doutoral<\/a><\/p>\n<p><a href=\"https:\/\/www.uninter.com\/mestrado\/wp-content\/uploads\/2023\/03\/TERMO-DE-COMPROMISSO-REGULAMENTO-EST\u00c1GIO-P\u00d3S-DOUTORAL-DOUTORADO-EM-EDUCA\u00c7\u00c3O-E-NOVAS-TECNOLOGIAS_ANEXO.pdf\">Termo de compromisso<\/a><\/p>\n","protected":false},"excerpt":{"rendered":"<p>Est\u00e1gio P\u00f3s-Doutoral do Programa de P\u00f3s-Gradua\u00e7\u00e3o em Educa\u00e7\u00e3o e Novas Tecnologias Regulamento do Est\u00e1gio p\u00f3s-doutoral Termo de compromisso<\/p>\n","protected":false},"author":1,"featured_media":0,"parent":0,"menu_order":0,"comment_status":"closed","ping_status":"closed","template":"page-curso-estagio-pos-doutoral.php","meta":{"footnotes":""},"class_list":["post-2659","page","type-page","status-publish","hentry","post"],"_links":{"self":[{"href":"https:\/\/uninter.com\/mestrado\/wp-json\/wp\/v2\/pages\/2659","targetHints":{"allow":["GET"]}}],"collection":[{"href":"https:\/\/uninter.com\/mestrado\/wp-json\/wp\/v2\/pages"}],"about":[{"href":"https:\/\/uninter.com\/mestrado\/wp-json\/wp\/v2\/types\/page"}],"author":[{"embeddable":true,"href":"https:\/\/uninter.com\/mestrado\/wp-json\/wp\/v2\/users\/1"}],"replies":[{"embeddable":true,"href":"https:\/\/uninter.com\/mestrado\/wp-json\/wp\/v2\/comments?post=2659"}],"version-history":[{"count":3,"href":"https:\/\/uninter.com\/mestrado\/wp-json\/wp\/v2\/pages\/2659\/revisions"}],"predecessor-version":[{"id":2969,"href":"https:\/\/uninter.com\/mestrado\/wp-json\/wp\/v2\/pages\/2659\/revisions\/2969"}],"wp:attachment":[{"href":"https:\/\/uninter.com\/mestrado\/wp-json\/wp\/v2\/media?parent=2659"}],"curies":[{"name":"wp","href":"https:\/\/api.w.org\/{rel}","templated":true}]}}