{"id":2642,"date":"2022-05-20T10:52:27","date_gmt":"2022-05-20T13:52:27","guid":{"rendered":"https:\/\/www.uninter.com\/mestrado\/?page_id=2642"},"modified":"2024-08-30T14:10:45","modified_gmt":"2024-08-30T17:10:45","slug":"estagio-pos-doutoral-corpo-discente","status":"publish","type":"page","link":"https:\/\/uninter.com\/mestrado\/estagio-pos-doutoral-corpo-discente\/","title":{"rendered":"Est\u00e1gio P\u00f3s-Doutoral &#8211; Corpo Discente"},"content":{"rendered":"<p>&nbsp;<\/p>\n<h1><strong>Est\u00e1gio P\u00f3s-Doutoral do Programa de P\u00f3s-Gradua\u00e7\u00e3o em Educa\u00e7\u00e3o e Novas Tecnologias<\/strong><\/h1>\n<p>&nbsp;<\/p>\n<table style=\"height: 146px;\" width=\"1249\">\n<tbody>\n<tr>\n<td><strong>P\u00d3S-DOUTORANDOS<\/strong><\/td>\n<td><strong>ORIENTADOR (A)<\/strong><\/td>\n<td width=\"100\"><strong>ENTRADA<\/strong><\/td>\n<td><strong>CONCLUS\u00c3O<\/strong><\/td>\n<\/tr>\n<tr>\n<td>ANA CAROLINA CARIUS<\/td>\n<td>Dr. Rodrigo Ot\u00e1vio Dos Santos<\/td>\n<td>20\/09\/2021<\/td>\n<td>05\/08\/2024<\/td>\n<\/tr>\n<tr>\n<td>JULIANA DOMIT<\/td>\n<td>Dra. Joana Paulin Romanowski<\/td>\n<td>02\/05\/2022<\/td>\n<td>04\/10\/2023<\/td>\n<\/tr>\n<tr>\n<td>MARCELO MAIA<\/td>\n<td>Dra. Joana Paulin Romanowski<\/td>\n<td>28\/06\/2023<\/td>\n<td><\/td>\n<\/tr>\n<tr>\n<td>TATIANA CRISTINA VASCONCELOS<\/td>\n<td>Dr. Luciano Frontino de Medeiros<\/td>\n<td>09\/10\/2023<\/td>\n<td><\/td>\n<\/tr>\n<\/tbody>\n<\/table>\n","protected":false},"excerpt":{"rendered":"<p>&nbsp; Est\u00e1gio P\u00f3s-Doutoral do Programa de P\u00f3s-Gradua\u00e7\u00e3o em Educa\u00e7\u00e3o e Novas Tecnologias &nbsp; P\u00d3S-DOUTORANDOS ORIENTADOR (A) ENTRADA CONCLUS\u00c3O ANA CAROLINA CARIUS Dr. Rodrigo Ot\u00e1vio Dos Santos 20\/09\/2021 05\/08\/2024 JULIANA DOMIT Dra. Joana Paulin Romanowski 02\/05\/2022 04\/10\/2023 MARCELO MAIA Dra. Joana Paulin Romanowski 28\/06\/2023 TATIANA CRISTINA VASCONCELOS Dr. Luciano Frontino de Medeiros 09\/10\/2023<\/p>\n","protected":false},"author":1,"featured_media":0,"parent":0,"menu_order":0,"comment_status":"closed","ping_status":"closed","template":"page-curso-estagio-pos-doutoral.php","meta":{"footnotes":""},"class_list":["post-2642","page","type-page","status-publish","hentry","post"],"_links":{"self":[{"href":"https:\/\/uninter.com\/mestrado\/wp-json\/wp\/v2\/pages\/2642","targetHints":{"allow":["GET"]}}],"collection":[{"href":"https:\/\/uninter.com\/mestrado\/wp-json\/wp\/v2\/pages"}],"about":[{"href":"https:\/\/uninter.com\/mestrado\/wp-json\/wp\/v2\/types\/page"}],"author":[{"embeddable":true,"href":"https:\/\/uninter.com\/mestrado\/wp-json\/wp\/v2\/users\/1"}],"replies":[{"embeddable":true,"href":"https:\/\/uninter.com\/mestrado\/wp-json\/wp\/v2\/comments?post=2642"}],"version-history":[{"count":13,"href":"https:\/\/uninter.com\/mestrado\/wp-json\/wp\/v2\/pages\/2642\/revisions"}],"predecessor-version":[{"id":3761,"href":"https:\/\/uninter.com\/mestrado\/wp-json\/wp\/v2\/pages\/2642\/revisions\/3761"}],"wp:attachment":[{"href":"https:\/\/uninter.com\/mestrado\/wp-json\/wp\/v2\/media?parent=2642"}],"curies":[{"name":"wp","href":"https:\/\/api.w.org\/{rel}","templated":true}]}}