{"id":2639,"date":"2022-05-20T10:17:32","date_gmt":"2022-05-20T13:17:32","guid":{"rendered":"https:\/\/www.uninter.com\/mestrado\/?page_id=2639"},"modified":"2024-06-13T23:11:48","modified_gmt":"2024-06-14T02:11:48","slug":"estagio-pos-doutoral-coordenacao-e-corpo-docente","status":"publish","type":"page","link":"https:\/\/uninter.com\/mestrado\/estagio-pos-doutoral-coordenacao-e-corpo-docente\/","title":{"rendered":"Est\u00e1gio P\u00f3s-Doutoral &#8211; Coordena\u00e7\u00e3o e Corpo Docente"},"content":{"rendered":"<h1>COORDENA\u00c7\u00c3O<\/h1>\n<p>COORDENA\u00c7\u00c3O:\u00a0Prof. Dr. Luciano Frontino de Medeiros<br \/>\nContato:\u00a0<a href=\"mailto:luciano.me@uninter.com\">luciano.me@uninter.com<\/a><\/p>\n<h1>CORPO DOCENTE<\/h1>\n<p>&nbsp;<\/p>\n<h5>Profa. Dra. Gl\u00e1ucia da Silva Brito<\/h5>\n<p><a href=\"mailto:glaucia.b@uninter.com\">glaucia.b@uninter.com<\/a><br \/>\n<a href=\"http:\/\/lattes.cnpq.br\/8743132786538539\">Curr\u00edculo<\/a><\/p>\n<hr \/>\n<h5>Profa. Dra. Joana Paulin Romanowski<\/h5>\n<p><a href=\"mailto:joana.romanowski@gmail.com\">joana.romanowski@gmail.com<\/a><br \/>\n<a href=\"http:\/\/lattes.cnpq.br\/7752218478865716\">Curr\u00edculo<\/a><\/p>\n<hr \/>\n<h5>Prof. Dr. Luciano Frontino de Medeiros<\/h5>\n<p><a href=\"mailto:luciano.me@uninter.com\">luciano.me@uninter.com<\/a><br \/>\n<a href=\"http:\/\/lattes.cnpq.br\/9300962438570183\">Curr\u00edculo<\/a><\/p>\n<hr \/>\n<h5>Prof. Dr. Rodrigo Ot\u00e1vio dos Santos<\/h5>\n<p><a href=\"mailto:rodrigo.s@uninter.com\">rodrigo.s@uninter.com<\/a><br \/>\n<a href=\"http:\/\/lattes.cnpq.br\/0668156094746596\">Curr\u00edculo<\/a><\/p>\n<hr \/>\n<p>&nbsp;<\/p>\n<h1>CORPO T\u00c9CNICO<\/h1>\n<p>Prof. Dr. Benhur Etelberto Gaio<br \/>\n<a href=\"http:\/\/lattes.cnpq.br\/7828730425945330\">Curr\u00edculo<\/a><\/p>\n<p>Prof. Dr. Marco Antonio Masoller Eleuterio<br \/>\n<a href=\"http:\/\/lattes.cnpq.br\/7427004794277015\">Curr\u00edculo<\/a>04794277015&#8243;&gt;Curr\u00edculo<\/p>\n","protected":false},"excerpt":{"rendered":"<p>COORDENA\u00c7\u00c3O COORDENA\u00c7\u00c3O:\u00a0Prof. Dr. Luciano Frontino de Medeiros Contato:\u00a0luciano.me@uninter.com CORPO DOCENTE &nbsp; Profa. Dra. Gl\u00e1ucia da Silva Brito glaucia.b@uninter.com Curr\u00edculo Profa. Dra. Joana Paulin Romanowski joana.romanowski@gmail.com Curr\u00edculo Prof. Dr. Luciano Frontino de Medeiros luciano.me@uninter.com Curr\u00edculo Prof. Dr. Rodrigo Ot\u00e1vio dos Santos rodrigo.s@uninter.com Curr\u00edculo &nbsp; CORPO T\u00c9CNICO Prof. Dr. Benhur Etelberto Gaio Curr\u00edculo Prof. Dr. Marco Antonio [&hellip;]<\/p>\n","protected":false},"author":1,"featured_media":0,"parent":0,"menu_order":0,"comment_status":"closed","ping_status":"closed","template":"page-curso-estagio-pos-doutoral.php","meta":{"footnotes":""},"class_list":["post-2639","page","type-page","status-publish","hentry","post"],"_links":{"self":[{"href":"https:\/\/uninter.com\/mestrado\/wp-json\/wp\/v2\/pages\/2639","targetHints":{"allow":["GET"]}}],"collection":[{"href":"https:\/\/uninter.com\/mestrado\/wp-json\/wp\/v2\/pages"}],"about":[{"href":"https:\/\/uninter.com\/mestrado\/wp-json\/wp\/v2\/types\/page"}],"author":[{"embeddable":true,"href":"https:\/\/uninter.com\/mestrado\/wp-json\/wp\/v2\/users\/1"}],"replies":[{"embeddable":true,"href":"https:\/\/uninter.com\/mestrado\/wp-json\/wp\/v2\/comments?post=2639"}],"version-history":[{"count":5,"href":"https:\/\/uninter.com\/mestrado\/wp-json\/wp\/v2\/pages\/2639\/revisions"}],"predecessor-version":[{"id":3677,"href":"https:\/\/uninter.com\/mestrado\/wp-json\/wp\/v2\/pages\/2639\/revisions\/3677"}],"wp:attachment":[{"href":"https:\/\/uninter.com\/mestrado\/wp-json\/wp\/v2\/media?parent=2639"}],"curies":[{"name":"wp","href":"https:\/\/api.w.org\/{rel}","templated":true}]}}

Estágio Pós-Doutoral &#8211; Coordenação e Corpo Docente

<h1>COORDENAÇÃO</h1>
<p>COORDENAÇÃO: Prof. Dr. Luciano Frontino de Medeiros<br />
Contato: <a href="mailto:luciano.me@uninter.com">luciano.me@uninter.com</a></p>
<h1>CORPO DOCENTE</h1>
<p>&nbsp;</p>
<h5>Profa. Dra. Gláucia da Silva Brito</h5>
<p><a href="mailto:glaucia.b@uninter.com">glaucia.b@uninter.com</a><br />
<a href="http://lattes.cnpq.br/8743132786538539">Currículo</a></p>
<hr />
<h5>Profa. Dra. Joana Paulin Romanowski</h5>
<p><a href="mailto:joana.romanowski@gmail.com">joana.romanowski@gmail.com</a><br />
<a href="http://lattes.cnpq.br/7752218478865716">Currículo</a></p>
<hr />
<h5>Prof. Dr. Luciano Frontino de Medeiros</h5>
<p><a href="mailto:luciano.me@uninter.com">luciano.me@uninter.com</a><br />
<a href="http://lattes.cnpq.br/9300962438570183">Currículo</a></p>
<hr />
<h5>Prof. Dr. Rodrigo Otávio dos Santos</h5>
<p><a href="mailto:rodrigo.s@uninter.com">rodrigo.s@uninter.com</a><br />
<a href="http://lattes.cnpq.br/0668156094746596">Currículo</a></p>
<hr />
<p>&nbsp;</p>
<h1>CORPO TÉCNICO</h1>
<p>Prof. Dr. Benhur Etelberto Gaio<br />
<a href="http://lattes.cnpq.br/7828730425945330">Currículo</a></p>
<p>Prof. Dr. Marco Antonio Masoller Eleuterio<br />
<a href="http://lattes.cnpq.br/7427004794277015">Currículo</a>04794277015&#8243;&gt;Currículo</p>

<p>COORDENAÇÃO COORDENAÇÃO: Prof. Dr. Luciano Frontino de Medeiros Contato: luciano.me@uninter.com CORPO DOCENTE &nbsp; Profa. Dra. Gláucia da Silva Brito glaucia.b@uninter.com Currículo Profa. Dra. Joana Paulin Romanowski joana.romanowski@gmail.com Currículo Prof. Dr. Luciano Frontino de Medeiros luciano.me@uninter.com Currículo Prof. Dr. Rodrigo Otávio dos Santos rodrigo.s@uninter.com Currículo &nbsp; CORPO TÉCNICO Prof. Dr. Benhur Etelberto Gaio Currículo Prof. Dr. Marco Antonio [&hellip;]</p>
