{"id":147,"date":"2018-01-29T10:27:54","date_gmt":"2018-01-29T12:27:54","guid":{"rendered":"https:\/\/www.uninter.com\/mestrado\/?page_id=147"},"modified":"2026-03-16T14:01:16","modified_gmt":"2026-03-16T17:01:16","slug":"mestrado-em-direito","status":"publish","type":"page","link":"https:\/\/uninter.com\/mestrado\/mestrado-em-direito\/","title":{"rendered":"\u2013 detalhes curso mestrado Direito &#8211;"},"content":{"rendered":"<h2>PPGD &#8211; Mestrado Acad\u00eamico em Direito<\/h2>\n<p>O Programa de P\u00f3s-Gradua\u00e7\u00e3o <i>Stricto Sensu<\/i> em Direito \u2013 Mestrado Acad\u00eamico da UNINTER (PPGD-UNINTER), objetivando o desenvolvimento e a consolida\u00e7\u00e3o de pesquisadores e docentes na \u00e1rea do Direito, encontra-se estruturado a partir de uma \u00c1rea de Concentra\u00e7\u00e3o e de tr\u00eas Linhas de Pesquisa, registradas em\u00a0 quatro grupos de pesquisa no Diret\u00f3rio de Grupos de Pesquisa no Brasil Lattes \u2013 CNPq. O curso foi autorizado pela CAPES por meio da Proposta n\u00ba 1506\/2015, cujo resultado fora publicado em 16\/12\/2015 na Plataforma Sucupira (<a class=\"fui-Link ___1rxvrpe f2hkw1w f3rmtva f1ewtqcl fyind8e f1k6fduh f1w7gpdv fk6fouc fjoy568 figsok6 f1hu3pq6 f11qmguv f19f4twv f1tyq0we f1g0x7ka fhxju0i f1qch9an f1cnd47f fqv5qza f1vmzxwi f1o700av f13mvf36 f1cmlufx f9n3di6 f1ids18y f1tx3yz7 f1deo86v f1eh06m1 f1iescvh fhgqx19 f1olyrje f1p93eir f1nev41a f1h8hb77 f1lqvz6u f10aw75t fsle3fq f17ae5zn\" title=\"http:\/\/sucupira.capes.gov.br\/\" href=\"http:\/\/sucupira.capes.gov.br\/\" target=\"_blank\" rel=\"noreferrer noopener\" aria-label=\"Link http:\/\/sucupira.capes.gov.br)\">http:\/\/sucupira.capes.gov.br)<\/a>, reconhecido pela Portaria n\u00ba 256, de 15 de fevereiro de 2017, do Ministro de Estado da Educa\u00e7\u00e3o, <a class=\"fui-Link ___1rxvrpe f2hkw1w f3rmtva f1ewtqcl fyind8e f1k6fduh f1w7gpdv fk6fouc fjoy568 figsok6 f1hu3pq6 f11qmguv f19f4twv f1tyq0we f1g0x7ka fhxju0i f1qch9an f1cnd47f fqv5qza f1vmzxwi f1o700av f13mvf36 f1cmlufx f9n3di6 f1ids18y f1tx3yz7 f1deo86v f1eh06m1 f1iescvh fhgqx19 f1olyrje f1p93eir f1nev41a f1h8hb77 f1lqvz6u f10aw75t fsle3fq f17ae5zn\" title=\"http:\/\/pesquisa.in.gov.br\/imprensa\/jsp\/visualiza\/index.jsp?data=16\/02\/2017&amp;jornal=1&amp;pagina=17&amp;totalarquivos=96\" href=\"http:\/\/pesquisa.in.gov.br\/imprensa\/jsp\/visualiza\/index.jsp?data=16\/02\/2017&amp;jornal=1&amp;pagina=17&amp;totalArquivos=96\" target=\"_blank\" rel=\"noreferrer noopener\" aria-label=\"Link publicada no DOU, Se\u00e7\u00e3o 1, n\u00ba 34\">publicada no DOU, Se\u00e7\u00e3o 1, n\u00ba 34<\/a>, p. 17, de 16 de fevereiro de 2017, cuja renova\u00e7\u00e3o de reconhecimento deu-se pela Portaria n\u00ba 609, do Ministro de Estado da Educa\u00e7\u00e3o, <a class=\"fui-Link ___1rxvrpe f2hkw1w f3rmtva f1ewtqcl fyind8e f1k6fduh f1w7gpdv fk6fouc fjoy568 figsok6 f1hu3pq6 f11qmguv f19f4twv f1tyq0we f1g0x7ka fhxju0i f1qch9an f1cnd47f fqv5qza f1vmzxwi f1o700av f13mvf36 f1cmlufx f9n3di6 f1ids18y f1tx3yz7 f1deo86v f1eh06m1 f1iescvh fhgqx19 f1olyrje f1p93eir f1nev41a f1h8hb77 f1lqvz6u f10aw75t fsle3fq f17ae5zn\" title=\"https:\/\/www.in.gov.br\/web\/dou\/-\/portaria-n-609-de-14-de-marco-de-2019-67380554\" href=\"https:\/\/www.in.gov.br\/web\/dou\/-\/portaria-n-609-de-14-de-marco-de-2019-67380554\" target=\"_blank\" rel=\"noreferrer noopener\" aria-label=\"Link publicada no DOU, Se\u00e7\u00e3o 1, n\u00ba 52\"><u>publicada no DOU, Se\u00e7\u00e3o 1, n\u00ba 52<\/u><\/a>, p. 92, de 18 de mar\u00e7o de 2019.<\/p>\n<p>Todas as informa\u00e7\u00f5es pertinentes ao Programa, incluindo os seus objetivos, a descri\u00e7\u00e3o da \u00e1rea de concentra\u00e7\u00e3o e das linhas de pesquisa, a estrutura curricular e o corpo docente, podem ser acessadas no menu ao lado.<\/p>\n<p>&nbsp;<\/p>\n<p>E-mail: ps.ppgd@uninter.com.<\/p>\n<p>&#8212;&#8211;<\/p>\n","protected":false},"excerpt":{"rendered":"<p>PPGD &#8211; Mestrado Acad\u00eamico em Direito O Programa de P\u00f3s-Gradua\u00e7\u00e3o Stricto Sensu em Direito \u2013 Mestrado Acad\u00eamico da UNINTER (PPGD-UNINTER), objetivando o desenvolvimento e a consolida\u00e7\u00e3o de pesquisadores e docentes na \u00e1rea do Direito, encontra-se estruturado a partir de uma \u00c1rea de Concentra\u00e7\u00e3o e de tr\u00eas Linhas de Pesquisa, registradas em\u00a0 quatro grupos de pesquisa [&hellip;]<\/p>\n","protected":false},"author":1,"featured_media":0,"parent":0,"menu_order":0,"comment_status":"closed","ping_status":"closed","template":"templates\/page-curso-mestrado-direito.php","meta":{"footnotes":""},"class_list":["post-147","page","type-page","status-publish","hentry","post"],"_links":{"self":[{"href":"https:\/\/uninter.com\/mestrado\/wp-json\/wp\/v2\/pages\/147","targetHints":{"allow":["GET"]}}],"collection":[{"href":"https:\/\/uninter.com\/mestrado\/wp-json\/wp\/v2\/pages"}],"about":[{"href":"https:\/\/uninter.com\/mestrado\/wp-json\/wp\/v2\/types\/page"}],"author":[{"embeddable":true,"href":"https:\/\/uninter.com\/mestrado\/wp-json\/wp\/v2\/users\/1"}],"replies":[{"embeddable":true,"href":"https:\/\/uninter.com\/mestrado\/wp-json\/wp\/v2\/comments?post=147"}],"version-history":[{"count":14,"href":"https:\/\/uninter.com\/mestrado\/wp-json\/wp\/v2\/pages\/147\/revisions"}],"predecessor-version":[{"id":4885,"href":"https:\/\/uninter.com\/mestrado\/wp-json\/wp\/v2\/pages\/147\/revisions\/4885"}],"wp:attachment":[{"href":"https:\/\/uninter.com\/mestrado\/wp-json\/wp\/v2\/media?parent=147"}],"curies":[{"name":"wp","href":"https:\/\/api.w.org\/{rel}","templated":true}]}}

<h2>PPGD &#8211; Mestrado Acadêmico em Direito</h2>
<p>O Programa de Pós-Graduação <i>Stricto Sensu</i> em Direito – Mestrado Acadêmico da UNINTER (PPGD-UNINTER), objetivando o desenvolvimento e a consolidação de pesquisadores e docentes na área do Direito, encontra-se estruturado a partir de uma Área de Concentração e de três Linhas de Pesquisa, registradas em  quatro grupos de pesquisa no Diretório de Grupos de Pesquisa no Brasil Lattes – CNPq. O curso foi autorizado pela CAPES por meio da Proposta nº 1506/2015, cujo resultado fora publicado em 16/12/2015 na Plataforma Sucupira (<a class="fui-Link ___1rxvrpe f2hkw1w f3rmtva f1ewtqcl fyind8e f1k6fduh f1w7gpdv fk6fouc fjoy568 figsok6 f1hu3pq6 f11qmguv f19f4twv f1tyq0we f1g0x7ka fhxju0i f1qch9an f1cnd47f fqv5qza f1vmzxwi f1o700av f13mvf36 f1cmlufx f9n3di6 f1ids18y f1tx3yz7 f1deo86v f1eh06m1 f1iescvh fhgqx19 f1olyrje f1p93eir f1nev41a f1h8hb77 f1lqvz6u f10aw75t fsle3fq f17ae5zn" title="http://sucupira.capes.gov.br/" href="http://sucupira.capes.gov.br/" target="_blank" rel="noreferrer noopener" aria-label="Link http://sucupira.capes.gov.br)">http://sucupira.capes.gov.br)</a>, reconhecido pela Portaria nº 256, de 15 de fevereiro de 2017, do Ministro de Estado da Educação, <a class="fui-Link ___1rxvrpe f2hkw1w f3rmtva f1ewtqcl fyind8e f1k6fduh f1w7gpdv fk6fouc fjoy568 figsok6 f1hu3pq6 f11qmguv f19f4twv f1tyq0we f1g0x7ka fhxju0i f1qch9an f1cnd47f fqv5qza f1vmzxwi f1o700av f13mvf36 f1cmlufx f9n3di6 f1ids18y f1tx3yz7 f1deo86v f1eh06m1 f1iescvh fhgqx19 f1olyrje f1p93eir f1nev41a f1h8hb77 f1lqvz6u f10aw75t fsle3fq f17ae5zn" title="http://pesquisa.in.gov.br/imprensa/jsp/visualiza/index.jsp?data=16/02/2017&amp;jornal=1&amp;pagina=17&amp;totalarquivos=96" href="http://pesquisa.in.gov.br/imprensa/jsp/visualiza/index.jsp?data=16/02/2017&amp;jornal=1&amp;pagina=17&amp;totalArquivos=96" target="_blank" rel="noreferrer noopener" aria-label="Link publicada no DOU, Seção 1, nº 34">publicada no DOU, Seção 1, nº 34</a>, p. 17, de 16 de fevereiro de 2017, cuja renovação de reconhecimento deu-se pela Portaria nº 609, do Ministro de Estado da Educação, <a class="fui-Link ___1rxvrpe f2hkw1w f3rmtva f1ewtqcl fyind8e f1k6fduh f1w7gpdv fk6fouc fjoy568 figsok6 f1hu3pq6 f11qmguv f19f4twv f1tyq0we f1g0x7ka fhxju0i f1qch9an f1cnd47f fqv5qza f1vmzxwi f1o700av f13mvf36 f1cmlufx f9n3di6 f1ids18y f1tx3yz7 f1deo86v f1eh06m1 f1iescvh fhgqx19 f1olyrje f1p93eir f1nev41a f1h8hb77 f1lqvz6u f10aw75t fsle3fq f17ae5zn" title="https://www.in.gov.br/web/dou/-/portaria-n-609-de-14-de-marco-de-2019-67380554" href="https://www.in.gov.br/web/dou/-/portaria-n-609-de-14-de-marco-de-2019-67380554" target="_blank" rel="noreferrer noopener" aria-label="Link publicada no DOU, Seção 1, nº 52"><u>publicada no DOU, Seção 1, nº 52</u></a>, p. 92, de 18 de março de 2019.</p>
<p>Todas as informações pertinentes ao Programa, incluindo os seus objetivos, a descrição da área de concentração e das linhas de pesquisa, a estrutura curricular e o corpo docente, podem ser acessadas no menu ao lado.</p>
<p>&nbsp;</p>
<p>E-mail: ps.ppgd@uninter.com.</p>
<p>&#8212;&#8211;</p>

<p>PPGD &#8211; Mestrado Acadêmico em Direito O Programa de Pós-Graduação Stricto Sensu em Direito – Mestrado Acadêmico da UNINTER (PPGD-UNINTER), objetivando o desenvolvimento e a consolidação de pesquisadores e docentes na área do Direito, encontra-se estruturado a partir de uma Área de Concentração e de três Linhas de Pesquisa, registradas em  quatro grupos de pesquisa [&hellip;]</p>
