{"id":1331,"date":"2019-12-16T14:52:00","date_gmt":"2019-12-16T17:52:00","guid":{"rendered":"https:\/\/www.uninter.com\/mestrado\/?page_id=1331"},"modified":"2025-12-12T13:52:45","modified_gmt":"2025-12-12T16:52:45","slug":"editais-doutorado-em-educacao","status":"publish","type":"page","link":"https:\/\/uninter.com\/mestrado\/editais-doutorado-em-educacao\/","title":{"rendered":"EDITAIS \u2013 DOUTORADO EM EDUCA\u00c7\u00c3O"},"content":{"rendered":"<p><a href=\"https:\/\/www.uninter.com\/mestrado\/wp-content\/uploads\/2025\/12\/ADITIVO-EDITAL-PROGRAMA-DE-DOUTORADO-PROFISSIONAL-EM-EDUCACAO-E-NOVAS-TECNOLOGIAS-MARCO-2026.pdf\">ADITIVO &#8211; EDITAL PROGRAMA DE DOUTORADO PROFISSIONAL EM EDUCA\u00c7\u00c3O E NOVAS TECNOLOGIAS MAR\u00c7O 2026<\/a><\/p>\n<p><a href=\"https:\/\/www.uninter.com\/mestrado\/wp-content\/uploads\/2025\/12\/EDITAL-DOUTORADO-EM-EDUCACAO-E-NOVAS-TECNOLOGIAS-MARCO-2026_APROVADOS-PARA-ARGUICAO-VIRTUAL.pdf\">EDITAL DOUTORADO EM EDUCA\u00c7\u00c3O E NOVAS TECNOLOGIAS &#8211; MAR\u00c7O 2026_APROVADOS PARA ARGUI\u00c7\u00c3O VIRTUAL<\/a><\/p>\n<p><a href=\"https:\/\/www.uninter.com\/mestrado\/wp-content\/uploads\/2025\/12\/EDITAL-DOUTORADO-EM-EDUCACAO-E-NOVAS-TECNOLOGIAS-MARCO-2026_APROVADOS.pdf\">EDITAL DOUTORADO EM EDUCA\u00c7\u00c3O E NOVAS TECNOLOGIAS &#8211; MAR\u00c7O 2026_APROVADOS<\/a><\/p>\n","protected":false},"excerpt":{"rendered":"<p>ADITIVO &#8211; EDITAL PROGRAMA DE DOUTORADO PROFISSIONAL EM EDUCA\u00c7\u00c3O E NOVAS TECNOLOGIAS MAR\u00c7O 2026 EDITAL DOUTORADO EM EDUCA\u00c7\u00c3O E NOVAS TECNOLOGIAS &#8211; MAR\u00c7O 2026_APROVADOS PARA ARGUI\u00c7\u00c3O VIRTUAL EDITAL DOUTORADO EM EDUCA\u00c7\u00c3O E NOVAS TECNOLOGIAS &#8211; MAR\u00c7O 2026_APROVADOS<\/p>\n","protected":false},"author":15,"featured_media":0,"parent":0,"menu_order":0,"comment_status":"closed","ping_status":"closed","template":"page-curso-doutorado-educacao.php","meta":{"footnotes":""},"class_list":["post-1331","page","type-page","status-publish","hentry","post"],"_links":{"self":[{"href":"https:\/\/uninter.com\/mestrado\/wp-json\/wp\/v2\/pages\/1331","targetHints":{"allow":["GET"]}}],"collection":[{"href":"https:\/\/uninter.com\/mestrado\/wp-json\/wp\/v2\/pages"}],"about":[{"href":"https:\/\/uninter.com\/mestrado\/wp-json\/wp\/v2\/types\/page"}],"author":[{"embeddable":true,"href":"https:\/\/uninter.com\/mestrado\/wp-json\/wp\/v2\/users\/15"}],"replies":[{"embeddable":true,"href":"https:\/\/uninter.com\/mestrado\/wp-json\/wp\/v2\/comments?post=1331"}],"version-history":[{"count":6,"href":"https:\/\/uninter.com\/mestrado\/wp-json\/wp\/v2\/pages\/1331\/revisions"}],"predecessor-version":[{"id":4799,"href":"https:\/\/uninter.com\/mestrado\/wp-json\/wp\/v2\/pages\/1331\/revisions\/4799"}],"wp:attachment":[{"href":"https:\/\/uninter.com\/mestrado\/wp-json\/wp\/v2\/media?parent=1331"}],"curies":[{"name":"wp","href":"https:\/\/api.w.org\/{rel}","templated":true}]}}